tive of q**3/3 + 3*q**2/2 - 9*q + 5. Let d be w(-5). Suppose t = 4 - d. Calculate the remainder when t is divided by 2.
1
Suppose -2*k + 118 = 4*n, -n + 2*k = -19 - 3. Let r = 1326 + -1274. Calculate the remainder when r is divided by n.
24
Suppose -6 + 22 = 8*i. Suppose i*x = -0 + 16. Calculate the remainder when 13 is divided by x.
5
Suppose 2*v = 9 + 13. Suppose -28 - 1 = -y + j, 4*y - 121 = -j. Calculate the remainder when y is divided by v.
8
Let b(y) = 72*y**3 - 8*y**2 + 9*y - 5. What is the remainder when b(3) is divided by 7?
4
Let t = -19 - -33. What is the remainder when (-244)/(-22)*2 + 66/(-363) is divided by t?
8
Suppose k + k - 510 = 0. What is the remainder when k is divided by 52?
47
Let s(k) = k**3 - k**2 - k + 136. Let v be s(0). Suppose -5*y + v = 3*b - 0*b, b - 2 = 0. Calculate the remainder when y is divided by 9.
8
Suppose 3*n = -5*a - 415, 2*n = 3*a + n + 263. Let b = -70 - a. What is the remainder when b is divided by 13?
3
Let q(g) = -g**3 - 15*g**2 - 39*g + 74. Let v = 0 - -2. Suppose t - v*r + 8 = -5*r, 4*r = -2*t - 6. What is the remainder when q(-5) is divided by t?
5
Suppose w - 221 = -10*s + 6*s, -5*w - 215 = -4*s. Suppose -14*h = -9*h - 30*h + 350. Calculate the remainder when s is divided by h.
13
Suppose 0 = -5*d + 2*a + 155, -93 = 7*d - 10*d + a. What is the remainder when d is divided by 3?
1
Suppose 0 = -3*h + 2*w + 277, 4*w = -h + w + 85. What is the remainder when h is divided by 23?
22
Let x(n) = 226*n**2 + 13*n - 13. What is the remainder when x(1) is divided by 59?
49
Let i be 5 - (6 - (1 - -2)). Let w be (-7)/(-14) - 3/i. Let q(n) = -49*n - 1. What is the remainder when q(w) is divided by 10?
8
Let p = 13 - 128. Let n = 228 + p. Calculate the remainder when n is divided by 29.
26
Let y = 107 + 341. Suppose y = 4*l - 0*l. Calculate the remainder when l is divided by 23.
20
Suppose -4*n + 47 = -73. Calculate the remainder when n is divided by -17*5/(-5) - (-3 + 3).
13
Suppose 2*t - 3*t + 8 = 0. Let h be (-1618)/(-10) - t/(-40). What is the remainder when (h/12)/((-3)/(-6)) is divided by 6?
3
Let f(z) = 2*z**3 - 14*z**2 - z + 7. Let i(q) = q**3 - 7*q**2 - q + 4. Let o(b) = -6*f(b) + 11*i(b). Calculate the remainder when 12 is divided by o(6).
4
Let z(o) = -3*o - 4. Let d be z(-3). Suppose -d*m - 13 = -33. Let l = m + -1. Calculate the remainder when 9 is divided by l.
0
Let d(h) = 13*h**2 - 3*h - 1. Let j be d(-1). Suppose j = 5*q, -p + 3*p = -3*q + 15. What is the remainder when p is divided by 2?
1
Let j(n) = 9*n**2 - 24*n + 6. Calculate the remainder when j(4) is divided by 14.
12
Suppose -d - 4*d + 69 = 3*g, -5*g + 102 = 4*d. Calculate the remainder when 70 is divided by g.
16
Let z(u) = 2*u**3 - 27*u**2 - 34*u - 12. What is the remainder when 470 is divided by z(15)?
11
Let s(j) = 13*j + 1. What is the remainder when (-15)/(-5) - (-104)/(-1 + 3) is divided by s(1)?
13
Suppose 0 = -5*m - 24 + 39. Suppose -259 = -m*c + 4*v, -2*c + 2*v = -3*c + 93. What is the remainder when c is divided by 31?
27
Let n(a) = -a**2 - 22*a + 22. Calculate the remainder when 210/2 + (-4)/(-1) is divided by n(-22).
21
Suppose y = -3*i - 2, -2*i + 15 = -4*y - 7. Let d = 1 - y. What is the remainder when 22 is divided by d?
4
Calculate the remainder when (-81)/(-2)*8/6 is divided by ((-504)/5)/(-7) + 16/(-40).
12
Let l(f) = f**3 - 20*f**2 + 19*f + 21. What is the remainder when 376 is divided by l(19)?
19
Let r(p) = 8*p - 161. Calculate the remainder when (0 + 165)/3 - -1 is divided by r(22).
11
Suppose -2*c = -0*c - 4. Let t be (-3)/c*48/(-8). Let r = t - 5. What is the remainder when 4 is divided by r?
0
Suppose -20 = -2*t - 16. Suppose 0 = 5*s - 78 - t. Let l(z) = -15*z - 1. Calculate the remainder when l(-2) is divided by s.
13
Let s(r) = 61*r + 617. Calculate the remainder when s(-10) is divided by 3.
1
Let t(m) = m**3 - 4*m**2 + 3*m + 3. What is the remainder when (66/4)/(480/320) is divided by t(3)?
2
Suppose c - 3*c - 27 = 5*q, 3*c = -3. Let k(i) = -3*i**2 - i + 3. Let y be k(q). Let z = -3 - y. Calculate the remainder when z is divided by 22.
20
What is the remainder when 119 is divided by (-6)/(-1)*(-105)/(-42)?
14
Suppose 0 = 5*v - 15, -175 = -5*b + 4*v + 133. Let d = b - 37. Calculate the remainder when d is divided by 6.
3
Let m(q) = 2*q - 9. Let s be m(4). Let d(p) = -20*p**3 + p**2 + 2*p + 1. Calculate the remainder when 77 is divided by d(s).
17
Let z(n) = -n + 142. Let h be z(0). Suppose 4*l = 2*d + h, -l + 2*d = 6*d - 13. What is the remainder when l is divided by (-413)/(-21) - 100/60?
15
Suppose -5*f + 32 + 3 = 0, 2*f = 5*r - 36. Let y(m) = -48*m**3 - 2*m - 1. Let t(b) = -b - 4. Let v be t(-3). What is the remainder when y(v) is divided by r?
9
Suppose -128 = 352*c - 368*c. What is the remainder when 159 is divided by c?
7
Let b be (-3 + 0)*(-52)/(-6). Let s(r) = -r**3 + 19*r**2 + 18*r + 21. Let c be s(20). Let w = c - b. What is the remainder when 11 is divided by w?
4
Let k(n) = n**3 + 14*n**2 + 21*n + 41. Calculate the remainder when 149 is divided by k(-12).
72
Let o(f) = 2*f - 6. Let j be o(6). Let u be ((-16)/(-24))/(j/(-9)). Let r = 11 - u. What is the remainder when 21 is divided by r?
9
Suppose 2*h - 482 = 104. Suppose 3*g - h = 121. Suppose 2*w - 2*c + 51 = 3*w, 0 = 2*w - 5*c - g. Calculate the remainder when w is divided by 15.
14
Suppose c + 149 = 2*s, 2*s - 2*c + 81 - 231 = 0. What is the remainder when s is divided by 11?
8
Suppose -12*y - y = -676. Calculate the remainder when 201 is divided by y.
45
Let f = 302 - 255. Calculate the remainder when 187 is divided by f.
46
Let o = 2 - -5. Calculate the remainder when (-41)/287 - (-632)/14 is divided by 2*o - (-8)/4.
13
Calculate the remainder when ((9 - 6) + -63)*(-70)/15 is divided by 76.
52
Suppose 3*j - 92 = m, -3 = -j + 4*j. Let t = 146 + m. Calculate the remainder when t is divided by 18.
15
Suppose 3*h - 40 = -2*h. Calculate the remainder when 26 is divided by 28/6*12/h.
5
Let u = 25 + -20. Suppose -16*a + u*a = -1408. Calculate the remainder when a is divided by 22.
18
Let m(s) = 2*s**2 - 7*s - 5. Let w(f) = 5*f**2 - 13*f - 10. Let b(l) = -5*m(l) + 3*w(l). What is the remainder when b(3) is divided by 8?
4
Suppose 4*o + 220 = 3*d + 54, 4*d - 3*o = 212. Calculate the remainder when 347 is divided by d.
47
Let f(v) = -46*v + 34. Calculate the remainder when f(-3) is divided by 88.
84
What is the remainder when (49/98)/(1*(-1)/(-22)) is divided by 2?
1
Suppose -2*m - 105 = -4*j + 81, 245 = 5*j - 5*m. Calculate the remainder when 114 is divided by j.
26
Suppose -6*l + 165 = 45. Calculate the remainder when 118 is divided by l.
18
Let o(d) = 7*d + 15. Let p be o(-2). Calculate the remainder when p*(4 + (4 - -94)) is divided by 26.
24
Let r = 41 + 42. Calculate the remainder when r is divided by 21.
20
Let u be -5*(3 + (-58)/10). Let o = 8 - u. Calculate the remainder when 27 is divided by 14*((-15)/o + -2).
6
Let g be ((-15)/7)/((-4)/28). Suppose g + 41 = 4*c. Calculate the remainder when (1 + 1)/((-3)/(-78)) is divided by c.
10
Suppose -5*c + 690 = 5*c. Suppose -64*y + c*y = 80. Calculate the remainder when 63 is divided by y.
15
Let t(i) = -2*i**2 + 78*i + 75. What is the remainder when 295 is divided by t(39)?
70
Let u = 76 - 55. Calculate the remainder when (-4 + 0)/2 + 84 is divided by u.
19
What is the remainder when 268 is divided by 5/(3/(81/(-78)) - -3)?
43
Let v(c) = 6*c - 6*c - 11*c**2 - 3*c. Let g be v(-2). Let f = 53 + g. What is the remainder when 74 is divided by f?
14
Let h = -94 - -97. Suppose 61 = h*v + 28. Calculate the remainder when 4/(-18) + 371/9 is divided by v.
8
Suppose 8*b + b = 1638. Calculate the remainder when b is divided by 23.
21
Let f(d) = 3*d**2 + 36*d + 23. Let a(x) = 4*x**2 + 54*x + 35. Let g(u) = 5*a(u) - 7*f(u). Let w = 10 - 2. Calculate the remainder when g(w) is divided by 32.
30
Suppose 5*y = 4*u - 1085, 3*u - 813 = -0*u + 4*y. Calculate the remainder when u is divided by 56.
51
Let b(g) = -g**3 - 12*g**2 + 12*g + 20. Let f = 21 - 34. What is the remainder when 63 is divided by b(f)?
30
Let f = 147 - 54. Calculate the remainder when f is divided by 17.
8
Let z = 224 - 73. Let b = 169 - z. Calculate the remainder when 49 is divided by b.
13
Let p(q) = -3*q - 12. Let y be p(-4). Suppose -4*k + r 